*h = -8839 + 2275. List the prime factors of h.
3, 547
Suppose 2*g - g = -3*a + 1985, 0 = 3*a + 4*g - 2000. List the prime factors of a.
2, 3, 5, 11
What are the prime factors of (0 + 1)/(64/92864)?
1451
Let t(o) = o**3 - o**2 - 5. Let a be t(4). Let k = -6 + a. List the prime factors of k.
37
What are the prime factors of (67/(-2))/(3/(-2) + 1)?
67
Let k = -3 - -3. Let b(w) = -7 - 3*w + 2*w + 2*w - w**3 + 59 + w**2. List the prime factors of b(k).
2, 13
Suppose -504 = -2*a + 148. Let x = -147 + a. List the prime factors of x.
179
Let s be 11*(3/3)/(-1). Let a = 3 - s. What are the prime factors of (-6)/a - (-855)/35?
2, 3
Let y(z) = 5332*z**3 + 3*z**2 - z. What are the prime factors of y(1)?
2, 3, 7, 127
What are the prime factors of (30/(-21) - -1) + 412/14?
29
Let z = -713 - -2013. What are the prime factors of z?
2, 5, 13
Suppose -6 = -5*c - 26. Let o be c/(-6)*(13 - 4). Suppose -g = -o*g + 170. What are the prime factors of g?
2, 17
Suppose -5*r - 5*c + 20 = -5, 5*c + 47 = 3*r. Suppose r*s = 11*s - 306. List the prime factors of s.
3, 17
Let w = -30 + 58. Let j = 30 - w. Suppose -j*q - 6 = -y, y + 13 = -2*q + 35. What are the prime factors of y?
2, 7
Let u be 6 - (7 + (2 + -6 - -1)). List the prime factors of (14/(-21))/(u/(-411)).
137
Let r = 9 + -5. Let l = -39 + 237. List the prime factors of (r/(-6))/((-11)/l).
2, 3
Let x(j) = j**2 - 5*j - 7. Let t be x(5). Let n = -47 + 65. Let w = t + n. What are the prime factors of w?
11
Suppose 6*b - 5374 - 4820 = 0. List the prime factors of b.
1699
Let x = -87 + 84. Let u(a) = -2*a**3 + 3*a**2 + 2*a + 1. List the prime factors of u(x).
2, 19
Suppose 4*o - 80 = b - 0*b, -b - 44 = 5*o. List the prime factors of (0 - b) + (-2 - 2 - -4).
2
Let z(q) = -13*q + 36 + 4 - 2*q + 71. Let y(a) = 2*a - 14. Let f(s) = 33*y(s) + 4*z(s). List the prime factors of f(8).
2, 3, 5
Suppose 0 = -9*v - 3011 + 16502. List the prime factors of v.
1499
Suppose -13*y + 48 = -9*y. Let r be (-327)/9 + 4/y. List the prime factors of r/21*(-16 - -2).
2, 3
Let m = 297 + -179. Let a = m + -65. What are the prime factors of a?
53
Let q(r) = 51*r + 202. What are the prime factors of q(6)?
2, 127
Let c = -594 + 540. Let i be 2/(-3) + (-40)/(-6). Let a = i - c. What are the prime factors of a?
2, 3, 5
Let d(o) = o**3 - 5*o**2 - o + 8. Let z be d(5). Suppose -h + 4 = -w, -4 = -3*h - 4*w - 20. Suppose -z*x + 2*x + 55 = h. List the prime factors of x.
5, 11
Let m = 2244 - -1870. List the prime factors of m.
2, 11, 17
Let p(s) = s + 4. Let d be p(-4). Suppose 49 = -d*a - a. Let b = a + 97. What are the prime factors of b?
2, 3
Let q be (1*(-2)/6)/(17/(-2346)). Let j be 149/(-7) - (-6)/21. Let h = j + q. What are the prime factors of h?
5
Suppose 0 = 6*t - 11*t + 10. Suppose -t*k - 3*i = 2*i - 386, -4*i = 3*k - 565. List the prime factors of k.
3, 61
Let s = 16 + -36. Let b(i) = -2*i**3 + 11*i**2 + 21*i - 23. Let p be b(6). Let c = p + s. What are the prime factors of c?
47
Suppose 3*u - 209 = 19. Suppose -220 = -3*q - u. List the prime factors of q.
2, 3
Let o(j) = 3*j**2 - j + 3. Let g be o(3). Let a(y) = -7*y**3 - y**2 - 4*y - 1. Let l be a(-2). Let p = l - g. What are the prime factors of p?
2
Let a(r) = -9*r - 2. Let c be a(-1). Suppose h + 6 = 2*q, h - c*q + 12 = -2*q. What are the prime factors of h/8 + 322/8?
2, 5
Let c(g) = g**3 - g**2 - g + 1. Let v be c(0). Let m = v + -1. Suppose 0*p + 3*p - 156 = m. What are the prime factors of p?
2, 13
Suppose 3*h = -i + 2*h + 5, -h + 5 = 0. Suppose -236 = -5*q + u, u = q - i*q - 44. What are the prime factors of q?
2, 3
Let t(h) = -h**3 + 10*h**2 + 3*h - 22. Let o = -2 + 12. What are the prime factors of t(o)?
2
Let z = 344 - 244. List the prime factors of z.
2, 5
Let g(s) = s**2 + 4*s - 34. Let n be g(-10). Let m = 40 - n. What are the prime factors of m?
2, 7
Suppose 4*c - 2*c = -6, g = 3*c + 513. Suppose -3*k + g = -3*d, -4*d + 832 = 5*k - d. List the prime factors of k.
167
Let q = -4592 - -8006. What are the prime factors of q?
2, 3, 569
Let p(u) = u**3 - 20*u**2 + 17*u + 41. Let i(m) = -m**2 + 13*m - 17. Let a be i(4). List the prime factors of p(a).
3
Suppose 6*a + 1460 = 6134. What are the prime factors of a?
19, 41
Let q be ((-16)/12)/(4/(-102)). List the prime factors of (-6)/(((-1)/q)/((-2)/(-6))).
2, 17
Suppose -4*d + 1487 = 5*y, -53*y + 49*y = 3*d - 1115. List the prime factors of d.
373
Suppose -3*v + 96 = -21. Suppose -199 = -2*k - v. List the prime factors of k.
2, 5
Suppose 0 = 2*z - z. Suppose 5*v = -25, z*v = -4*o - 3*v + 697. What are the prime factors of o?
2, 89
Suppose i + 1 = -4*o - 9, 3*i - o - 22 = 0. Let s(b) = b**2 + 2*b - 5. What are the prime factors of s(i)?
43
Let r = 8 - -2. Let a be (-31)/(-1)*(-9 + r). Suppose 0 = -5*q - a + 191. What are the prime factors of q?
2
Let t = 15 + -18. Let d(l) = -2*l**3 - 3*l**2 + 3*l - 4. Let h be d(t). Suppose -2*w + 40 = -3*i, w = i + 2*i + h. What are the prime factors of w?
2, 13
Let o be (2/(-6))/((-10)/4230). Let c = o - 65. What are the prime factors of c?
2, 19
Let k be (-6)/10 + (-126)/(-10). Let q = 15 + k. List the prime factors of q.
3
Suppose 0 = 9*p - 399 - 2643. What are the prime factors of p?
2, 13
Let x(i) = i**2 + 2*i - 7. Let t be x(-5). Let p be -2 - (-17 - -3 - -8). Suppose t - 56 = -p*u. List the prime factors of u.
2, 3
Suppose 3*d - 8106 = -6*c, 10*c - 5*c + 8106 = 3*d. List the prime factors of d.
2, 7, 193
Suppose -2*k - 4*c + 7*c = 21, -k - 9 = -3*c. Let i(b) = b**2 + 10*b + 18. What are the prime factors of i(k)?
2, 3, 7
Suppose 5132 = 2*t - w, 12*t = 11*t + 3*w + 2566. What are the prime factors of t?
2, 1283
Let f = 120 - -157. Let d = -176 + f. What are the prime factors of d?
101
Let x = -3 + -3. What are the prime factors of (28/x)/((-3)/9)?
2, 7
Let k(q) = -7 - 1 - 3*q**2 - q**3 + 14*q**2 + 5*q + 8*q. List the prime factors of k(12).
2
Let j(c) = -c**2 - 42*c - 6. Suppose 3*f = 2*q + 1, 0 = -4*q - 0*q + 5*f - 5. What are the prime factors of j(q)?
179
Let w be (3/6)/(1/(-26)). Let f = 25 + w. List the prime factors of f.
2, 3
Suppose 4*z + 5*i - 27 = 5*z, -z + 3 = i. Let u = 71 - 126. Let g = z - u. List the prime factors of g.
53
Let l(x) = 110*x - 2. Let c be l(3). Let a = -196 + c. What are the prime factors of a?
2, 3, 11
Suppose -2*q + 1539 = q - 2*i, 0 = -q - 3*i + 513. What are the prime factors of q?
3, 19
Let a = -5049 + 8247. List the prime factors of a.
2, 3, 13, 41
Let h be 2/(5 - 3)*-3. Let j be -4*(-2)/(h + 1). What are the prime factors of ((-74)/(-4))/((-2)/j)?
37
Suppose 38*m - 32691 = 21*m. List the prime factors of m.
3, 641
Suppose -4*f + 2*t + 40 = 0, -6*t + t - 40 = -4*f. Suppose 8*s = f*s - 106. List the prime factors of s.
53
Let g(y) = y**3 + 11*y**2 + y + 14. Let t be g(-11). Suppose n - t*n + d = -114, -4*d + 75 = n. Suppose 2*s - n = 81. What are the prime factors of s?
2, 5, 7
Suppose -16 + 56 = 8*q. Suppose -q*r - 670 = -3*p, -5*p + 448 = 3*r - 612. What are the prime factors of p?
5, 43
Let q = -38 - -40. Suppose -346 = -5*u - q*n - 2*n, 0 = 4*u - n - 260. What are the prime factors of u?
2, 3, 11
Let b(u) = 62*u**2. Let v be b(-1). Let y = v - 34. Let a = -8 + y. What are the prime factors of a?
2, 5
Suppose 5*s + 23 = -32. Let p be (-5)/10 - (-1)/((-2)/7). Let k = p - s. List the prime factors of k.
7
Let h(c) = 1 + 11*c - c**2 + 5 - 4. Suppose -52 = -8*y + 28. What are the prime factors of h(y)?
2, 3
Let a be (10/(-4) + 5)*148/5. Suppose a*x = 76*x - 184. List the prime factors of x.
2, 23
Let p(h) = 29*h**2 + 2*h - 2. List the prime factors of p(4).
2, 5, 47
Suppose -2*n = -527 - 801. List the prime factors of n.
2, 83
Let v = 145 + -80. Suppose -415 = -5*u - 3*i, -2*i + v - 455 = -5*u. What are the prime factors of u?
2, 5
Let a(y) = -y**3 + 4*y**2 + y - 1. Suppose -u + 3*u - 10 = 0. Let s be 2 + u*(-4)/(-10). What are the prime factors of a(s)?
3
Let c = 10 - 5. Suppose -204 = -c*w - 29. List the prime factors of w.
5, 7
Let s = -749 + 1844. What are the prime factors of s?
3, 5, 73
Suppose b - 2*n = 121 + 107, 0 = -4*b - 4*n + 912. Suppose 0 = 5*y - b - 357. What are the prime factors of y?
3, 13
Let b(h) = 3*h**3 - 5*h + 68. Let g(p) = p**3 - 2*p + 34. Let a(y) = -2*b(y) + 5*g(y). List the prime factors of a(0).
2, 17
Suppose -12986 = -4*p + 2